83 = 0, -125 = -3*n + 2*p. What is the highest common factor of 12 and n?
3
Suppose 2*r + 4 = -y, -2*y + 13 = -0*y - 3*r. Let l be ((-8)/(-10) + y)*5. Let c = 76 + -62. Calculate the greatest common divisor of l and c.
14
Suppose 4*m + 10*m - 112 = 0. Suppose 0 = m*p + 14 - 46. What is the highest common divisor of 20 and p?
4
Let y be (4576/880)/(1 + (-8)/10). What is the highest common factor of 143 and y?
13
Suppose 0*u + k + 52 = 4*u, 39 = 3*u + 5*k. Suppose n - u = 5*v + 11, -v - 1 = 0. Suppose n + 6 = 5*g. What is the highest common divisor of 55 and g?
5
Let n be 1/(2/108)*25/2. Calculate the highest common divisor of 27 and n.
27
Let y = -9 + 14. Let k(i) = i**2 - 4*i + 10. Let p be k(y). What is the greatest common factor of 135 and p?
15
Let k be 1 + (-5)/(15/(-6)). Suppose -k*v - 175 = -4*v. Calculate the greatest common factor of 25 and v.
25
Let g(s) be the first derivative of 61*s**2/2 - s + 12. Let x be g(1). What is the highest common divisor of x and 15?
15
Suppose 4*o - 15 = -o, 4*s + 4*o - 336 = 0. What is the greatest common factor of 54 and s?
27
Suppose -h + 10 = t, 4*h - t + 12 - 62 = 0. What is the highest common divisor of h and 30?
6
Let t = -32 - -54. Let i(k) = 4 + 2 - k - t*k - 4. Let u be i(-2). What is the greatest common divisor of u and 12?
12
Let v be -10*(-3 - (9 + 6 + -4)). What is the highest common factor of 175 and v?
35
Let n be (-20)/8*-4*2. Let k = n + -19. Let j be k + -1 - 2 - -6. What is the greatest common divisor of 28 and j?
4
Suppose 5*z + 2*z = 0. Suppose z = -y - 3*y + 448. Calculate the greatest common factor of 28 and y.
28
Let b(m) = m**3 - m**2 - m - 40. Let d be b(0). Let i be (54 - -1)*16/d. Let x = i + 38. What is the greatest common divisor of x and 4?
4
Suppose 3*p - 2*p + 14 = 0. Let j = p + 14. Suppose 0 = 2*z + 2*z - a - 83, j = -4*z + 2*a + 78. Calculate the highest common factor of 33 and z.
11
Let c(g) = -4*g**2 - g - 3*g + 5*g + 5*g**3 + g**2 - 1. Let j be c(3). Calculate the greatest common divisor of 44 and j.
22
Suppose -320 = -5*u - 5*n, -2*u + 2*n + 104 = -2*n. Let g be ((-10)/(-3))/(8/u). Suppose 0 = 5*v - g - 0. What is the greatest common factor of v and 55?
5
Let a be (8/12)/(2/9). Suppose 3*i - n = 88, 14*n - 11*n = -3*i + 96. Calculate the greatest common factor of a and i.
3
Suppose -8 - 64 = -n. Suppose 72 + n = 3*i. Calculate the greatest common divisor of 12 and i.
12
Suppose 23*s - 21*s - 3*u - 25 = 0, -2*s = 5*u - 17. What is the greatest common factor of s and 2?
1
Let k be (3/2)/(6/(-16)). Let x(g) = g**3 + 6*g**2 + 4*g + 6. Let h be x(k). Let j be (h - 1)*(-1)/(-3). What is the greatest common divisor of 35 and j?
7
Let d = 95 + -57. Suppose -2*v = 4*z + 248, 16 = z + 4*v + 71. Let x = z + 158. What is the highest common divisor of x and d?
19
Let i(f) = 8*f + 74. Let h be i(-9). Suppose -2*k - h = -134. Calculate the highest common factor of k and 6.
6
Let i = -1684 - -1805. What is the greatest common divisor of 22 and i?
11
Suppose 10 + 2 = -6*c. Let m be -19 + 21 - (-2)/c. What is the greatest common factor of 9 and m?
1
Let c be -145*(-1)/4 + 2/(-8). Calculate the greatest common factor of 9 and c.
9
Suppose -3*r - 14 + 35 = 0. Calculate the highest common factor of r and 273.
7
Suppose 33*j - 2835 = -102*j. Suppose -5*d + 3*s + 125 = 0, 4*d - 127 = -0*d - 3*s. What is the highest common divisor of d and j?
7
Suppose -h + 34 = -54. Let w be (-8)/(-1) + (1 - (-1 + -1)). What is the highest common divisor of w and h?
11
Let b be ((-592)/(-7))/(10/35). Calculate the greatest common divisor of b and 74.
74
Let a = 1 + 7. Suppose -5*r - 2*u = -136 - 62, -4*u = 2*r - 76. Let l be r/6 + 5/45*12. What is the highest common factor of a and l?
8
Suppose -6*b - 2*q = -7*b, 4*q = 8. What is the highest common divisor of b and 6?
2
Let i = -127 + 296. Let p be 2804/26 - (-26)/i. Let l = -22 - -40. Calculate the highest common factor of l and p.
18
Let m(w) = w**3 - 16*w**2 + 18*w + 32. Let n be m(15). What is the highest common factor of 7 and n?
7
Let n(q) = q**3 + 7*q**2 - 6*q - 30. Let j be n(-6). Suppose h + 32 + 106 = 5*y, 0 = 3*y + 2*h - 88. What is the greatest common factor of y and j?
14
Let h be (-26)/(-8) - -21*(-22)/(-616). Let m be (-400)/(-3)*(-12)/(-10). Suppose -m = -2*s - 2*s. Calculate the highest common factor of s and h.
4
Let u = 12 + 6. Let x = -3316 + 4702. Suppose 0*w + 7*w = x. Calculate the highest common divisor of w and u.
18
Let m = 96 + 79. Let x = 2575 + -2550. What is the greatest common factor of m and x?
25
Suppose -2*h = -3*f - 169, 5*h - 60 = -5*f + 300. Calculate the highest common factor of h and 7.
7
Suppose -5*t = -2*t + 3. Let j(h) = 53*h**2 + 2*h + 1. Let q be j(t). Let p = -7 + 20. What is the greatest common divisor of q and p?
13
Suppose -4*b = m - 77, 74*b - 70*b - 62 = 2*m. Calculate the highest common factor of 738 and b.
18
Suppose 1736 = 4*l + 4*t, 870 = 2*l + 36*t - 33*t. Calculate the highest common factor of 27 and l.
27
Let l = 2681 - 1451. What is the highest common divisor of 30 and l?
30
Suppose -19 = -3*z + o - 0*o, -4*o = 3*z + 1. Suppose -z*j + j = -3*m + 5, 15 = j - 4*m. Let r = j - -6. What is the highest common factor of 1 and r?
1
Let p(g) be the first derivative of g**4/4 - 5*g**3/3 - 3*g**2/2 - g - 38. Let f be p(6). Calculate the greatest common divisor of f and 187.
17
Suppose 0 = p + 2*y - 72, -3*y - 204 = -3*p - 6*y. Calculate the highest common factor of 368 and p.
16
Let u(n) = n + 1. Let h be u(6). Suppose -b + 10 + h = 2*a, 80 = 5*b + 5*a. Let w be (-1 - 39)*(-24)/b. Calculate the greatest common factor of w and 8.
8
Suppose -3*g + 1032 = -0*g + 3*z, 2*g + 5*z - 700 = 0. Calculate the highest common divisor of g and 204.
68
Let p be (-11)/(-33) + 20/3. Suppose -7*b + 225 = -20. What is the greatest common factor of p and b?
7
Suppose -6*c - 31*c = -22385. Calculate the greatest common divisor of 55 and c.
55
Let u = 26 - 6. Suppose -1075 = -28*b + 45. Calculate the highest common factor of b and u.
20
Let d be (1190/(-357))/(6/(-27)). Suppose a + 6 = 3*a. Suppose -2*l - a*z - 2*z = -225, -540 = -5*l - 5*z. Calculate the highest common factor of d and l.
15
Let r(m) = 34*m - 68. Let q be r(18). Calculate the greatest common divisor of 34 and q.
34
Let c(i) = -8*i + 6 - 18*i + 35*i - 12*i + i**2. Let l be c(9). Calculate the highest common factor of l and 24.
12
Suppose 3*s - 5*s - 2*o + 76 = 0, -5*s + 189 = 4*o. Calculate the highest common factor of s and 703.
37
Suppose 4*v + 12 = 28. Suppose v*d = 351 + 117. Calculate the greatest common factor of d and 39.
39
Suppose 2*p + 5*s + 725 = 4*p, -4*s - 1855 = -5*p. What is the highest common factor of 45 and p?
15
Let o = -23 - -24. Let s = o + 28. Suppose 0 = -3*b - 4*k + 436 - 179, 3*k + 264 = 3*b. Calculate the greatest common divisor of s and b.
29
Let n be 4/(-9)*3*-30. Let z be 776/80 - (-4 + 111/30). What is the greatest common factor of n and z?
10
Let x = 34 - 29. Let t be (-1)/((4 - x)/11). What is the greatest common factor of t and 55?
11
Let s(u) = 18*u - 6. Let d be s(4). Let x = -874 + 880. What is the greatest common divisor of x and d?
6
Let n = -739 + 1299. What is the highest common factor of 35 and n?
35
Let j be 327 + ((-5)/5 - (3 + -7)). What is the greatest common divisor of j and 30?
30
Suppose -3*v - 75 = -5*d, -5*v + 3*v - 22 = -d. Let q = -225 - -357. What is the greatest common factor of q and d?
12
Suppose 58 = 7*j - 19. Suppose x - h - j = 5, 2*x - h = 27. What is the greatest common divisor of 11 and x?
11
Suppose -9 = -4*z + 11. Suppose -z*l + 34 = -56. Calculate the highest common divisor of 27 and l.
9
Let x(k) = 2*k**2 - 3*k + 2. Suppose 5 = h + 2. Let d be x(h). What is the greatest common factor of d and 77?
11
Suppose 0 = -583*r + 589*r - 1584. Let a = -87 + 183. Suppose -8*m = -4*m - a. What is the highest common divisor of m and r?
24
Suppose 0 = 3*l + 5*v + 10, l - 2*l + v = -2. Suppose 4*y - 236 + 44 = l. Let m be -12*(0 + -9 - 1). What is the highest common divisor of m and y?
24
Let j be 14/56 + 5/(-4). Let r be ((-105)/(-7))/(j - -2). Suppose 6*c + r - 111 = 0. What is the greatest common divisor of 2 and c?
2
Let j(x) = -13*x - 4. Let s be j(4). Let k be (s/12 + 1)*3. Let a be 10/55 + (-1208)/k. 